
2
Let c(l) = 7*l**2 - 305*l - 766. Give c(46).
16
Let u(l) = -319*l**2 + 2243*l - 12. Calculate u(7).
58
Let b(u) = 378*u + 3239. Determine b(-9).
-163
Let j(b) = 24*b + 13. Determine j(1).
37
Let v(f) = 5*f**2 + 156*f - 130. Calculate v(-32).
-2
Let r(a) = -a**2 + 14*a - 43. Determine r(5).
2
Let d(a) = 453*a + 1353. What is d(-3)?
-6
Let w(b) = -62*b - 77. Calculate w(6).
-449
Let k(x) = -167*x**3 + 2. Give k(-1).
169
Let f(y) = -6*y**3 - y**2 + 2*y - 13. Give f(3).
-178
Let y(s) = 3269*s + 49030. What is y(-15)?
-5
Let k(s) = s**2 + 15*s + 42. What is k(-15)?
42
Let q(v) = -v**3 - 134*v**2 - 1238*v + 15. Give q(-10).
-5
Let j(c) = -c**3 + 13*c**2 + 25*c - 67. What is j(15)?
-142
Let y(c) = -432*c + 1298. What is y(3)?
2
Let f(m) = -m**3 - 39*m**2 + 38*m - 64. Determine f(-40).
16
Let j(w) = -2*w**2 + 143*w + 7451. Give j(-35).
-4
Let w(b) = 71*b + 9460. What is w(-132)?
88
Let v(w) = -56*w + 777. What is v(14)?
-7
Let k(t) = 5*t**3 + 174*t**2 - 29*t + 238. Give k(-35).
28
Let k(r) = 39*r + 475. Determine k(-8).
163
Let d(o) = o**2 - 51*o + 32. Give d(46).
-198
Let s(x) = -80300*x - 160607. Calculate s(-2).
-7
Let x(q) = -q + 157. Give x(-25).
182
Let s(t) = 5*t**2 - 38*t - 1. What is s(4)?
-73
Let a(p) = p**3 - 26*p**2 + 55*p + 79. Calculate a(25).
829
Let x(b) = b**3 + 20*b**2 + 60*b + 426. Calculate x(-18).
-6
Let f(a) = a**2 + 89*a - 828. Give f(9).
54
Let i(m) = -9*m**3 - 35*m**2 + 35*m + 1. Determine i(1).
-8
Let p(k) = k**3 + 43*k**2 - 84*k + 111. Give p(-45).
-159
Let y(x) = 81*x + 481. Calculate y(-6).
-5
Let n(j) = -41*j - 88. Determine n(7).
-375
Let g(x) = -84*x - 345. What is g(-6)?
159
Let r(i) = -3*i**3 - 7*i**2 + 22*i + 44. Calculate r(-3).
-4
Let z(i) = 22663*i + 135974. Give z(-6).
-4
Let h(y) = 49*y - 481. Determine h(8).
-89
Let n(a) = -4*a**3 + 9*a**2 + 19*a - 14. What is n(5)?
-194
Let r(o) = -76*o - 3008. Calculate r(-43).
260
Let h(f) = -10*f**2 - 56*f + 17. What is h(-6)?
-7
Let a(v) = -488*v + 511. Give a(1).
23
Let d(m) = m**3 - 21*m**2 + 16*m + 71. Determine d(20).
-9
Let p(k) = 3*k**3 - 3*k**2 - 10*k + 56. What is p(6)?
536
Let u(g) = -12*g**2 + 58*g + 590. Determine u(-5).
0
Let w(k) = k**3 - 22*k**2 - 24*k - 567. What is w(24)?
9
Let h(s) = -s**3 + 21*s**2 - 25*s + 102. What is h(20)?
2
Let m(z) = z**2 + 96*z + 2353. Determine m(-47).
50
Let g(u) = -11*u + 23. Determine g(1).
12
Let t(o) = -o**3 - 27*o**2 + 48*o - 43. What is t(-29)?
247
Let u(w) = -w**3 - 144*w**2 - 571*w - 1537. What is u(-140)?
3
Let z(b) = -2*b**2 - 484*b - 7231. Give z(-16).
1
Let r(x) = -x**3 + 33*x**2 + 188*x - 23. Give r(38).
-99
Let s(m) = -7*m + 296. Determine s(5).
261
Let f(c) = c**3 - 12*c**2 + 30*c - 13. Determine f(12).
347
Let g(t) = -2*t**2 - 82*t - 241. What is g(-38)?
-13
Let m(f) = -26*f + 817. Give m(29).
63
Let w(u) = -u - 11. What is w(18)?
-29
Let g(y) = -47*y**2 - 4278*y + 46. Give g(-91).
137
Let l(a) = -178*a + 237. What is l(1)?
59
Let g(t) = -19*t**2 - 192*t - 39. Give g(-10).
-19
Let v(f) = 4*f**2 - 227*f - 461. What is v(-2)?
9
Let t(g) = -g**3 + 3*g**2 + 51*g + 82. Calculate t(-6).
100
Let x(r) = 34*r**2 + r - 2. Calculate x(2).
136
Let f(g) = -9*g**2 - 1906*g + 427. Determine f(-212).
3
Let t(j) = 122*j - 1864. What is t(15)?
-34
Let d(r) = 7*r - 164. Give d(23).
-3
Let r(x) = 70*x + 2504. What is r(-35)?
54
Let g(r) = r**3 - 81*r**2 - 10*r + 802. Give g(81).
-8
Let k(b) = 347*b + 1877. Give k(-4).
489
Let h(s) = 31*s**2 + 18*s + 62. Determine h(-5).
747
Let g(l) = -304*l + 5650. Give g(18).
178
Let g(p) = -180*p + 5410. Determine g(30).
10
Let h(o) = o**3 + 7*o**2 - 18*o + 55. Give h(4).
159
Let d(h) = 2*h**2 + 316*h + 1219. What is d(-4)?
-13
Let z(b) = 4*b**2 - 21*b + 152. Calculate z(10).
342
Let v(d) = 193*d + 36300. What is v(-188)?
16
Let a(g) = g**3 + 14*g**2 - 19*g + 199. Give a(-16).
-9
Let d(q) = -214*q - 833. What is d(-4)?
23
Let u(a) = -3*a**2 - 194*a - 1316. Calculate u(-57).
-5
Let r(k) = 2*k**2 + 10*k - 19. Determine r(-6).
-7
Let g(x) = -5*x**2 + 22*x + 245. Give g(9).
38
Let w(h) = h**3 - 3*h**2 - 65*h - 4. Determine w(-6).
62
Let c(z) = -2*z**3 - 37*z**2 - 18*z - 169. What is c(-18)?
-169
Let l(u) = u**3 + 15*u**2 - 99*u - 28. Give l(-20).
-48
Let y(f) = -2*f**3 - 43*f**2 + 26*f + 39. What is y(-22)?
-49
Let x(m) = -4*m - 496. Determine x(-122).
-8
Let z(n) = 9*n**3 - 36*n**2 - 7*n + 21. Give z(4).
-7
Let b(f) = -3*f**3 - 11*f**2 + 400*f + 42. Calculate b(10).
-58
Let i(d) = d**2 + 73*d + 833. What is i(-59)?
7
Let a(q) = -q**2 + 43. Calculate a(7).
-6
Let d(u) = 106*u - 298. What is d(3)?
20
Let h(o) = -o**3 + 2*o**2 - 2*o + 10. What is h(3)?
-5
Let m(v) = -45*v + 222. Determine m(6).
-48
Let u(z) = 158*z - 2529. Calculate u(16).
-1
Let y(t) = 95*t**2 + 1428*t - 14. Give y(-15).
-59
Let r(d) = -133*d**2 - 401*d - 7. Give r(-3).
-1
Let o(n) = 270*n - 268. Determine o(1).
2
Let j(g) = 71*g - 117. Give j(0).
-117
Let a(v) = -12*v**2 + 118*v + 14. Determine a(10).
-6
Let r(m) = -m**3 + 15*m**2 + 35*m + 1. Give r(-2).
-1
Let o(x) = -26*x**2 + 3*x + 2. Give o(-1).
-27
Let d(k) = 2*k**3 + 51*k**2 - 33*k - 49. What is d(-26)?
133
Let d(z) = -4*z**3 + 243*z**2 + 306*z + 252. Calculate d(62).
4
Let l(h) = 309*h - 30. Determine l(1).
279
Let s(d) = 4*d**3 + 52*d**2 + 40*d - 93. What is s(-12)?
3
Let x(c) = c**3 - 13*c**2 - 94*c + 958. What is x(15)?
-2
Let q(r) = 40*r + 68. Calculate q(-6).
-172
Let m(k) = 127*k + 725. Determine m(-6).
-37
Let i(x) = 8*x**2 + 7*x + 13. Determine i(-7).
356
Let s(w) = w**3 + 39*w**2 - 15*w - 4424. Determine s(-36).
4
Let z(x) = -27*x - 382. What is z(-14)?
-4
Let w(f) = -34*f + 2125. What is w(63)?
-17
Let s(p) = 4258*p + 12790. Calculate s(-3).
16
Let r(t) = t**3 - 43*t**2 - 468*t + 6. What is r(52)?
6
Let b(m) = -24*m**2 - 5*m + 1. What is b(-2)?
-85
Let j(w) = 1632*w - 1631. Calculate j(1).
1
Let o(b) = 62*b + 336. What is o(-4)?
88
Let z(h) = -h**3 + 34*h**2 - 167*h - 35. Give z(28).
-7
Let x(h) = -h**3 + h**2 + 9204*h + 18401. Determine x(-2).
5
Let n(q) = -q**3 - 31*q**2 - 63*q + 39. Calculate n(-29).
184
Let x(v) = -69*v**2 + 325*v + 535. Give x(6).
1
Let f(r) = -19*r + 1052. Give f(56).
-12
Let d(x) = x**2 + 51*x + 602. Give d(-30).
-28
Let f(w) = w**2 - 45*w + 140. Determine f(4).
-24
Let v(z) = -z**3 - 164*z**2 + 2298*z - 529. Determine v(-177).
2
Let f(u) = 21*u - 93. Determine f(-3).
-156
Let u(s) = -8*s**3 + 435*s**2 - 581*s - 99. Give u(53).
7
Let m(u) = -12*u**2 + 96*u - 20. What is m(8)?
-20
Let u(w) = w**3 - 3*w**2 - 5*w + 66. Determine u(6).
144
Let n(m) = 481*m + 975. Calculate n(-2).
13
Let n(r) = r**3 - 65*r**2 - 1702*r - 41. Give n(-20).
-1
Let z(o) = -o**3 - 10*o**2 - 15*o - 40. What is z(-9)?
14
Let j(c) = -c**2 - 18*c - 49. What is j(-4)?
7
Let f(c) = -15*c - 173. Give f(0).
-173
Let d(z) = 16*z - 202. Determine d(12).
-10
Let v(d) = 294*d - 9402. Give v(32).
6
Let q(d) = -2573*d - 17846. Give q(-7).
165
Let y(d) = 9*d**3 - 2*d**2 - 73*d - 72. Determine y(-1).
-10
Let y(o) = 6834*o - 13672. Calculate y(2).
-4
Let t(c) = -c**3 - 24*c**2 + 28*c + 78. Determine t(-25).
3
Let n(h) = h**3 + 17*h**2 - 79*h - 1. Calculate n(-21).
-106
Let p(n) = 11*n**2 - 4*n + 5. Determine p(4).
165
Let a(b) = -b**3 + 2*b**2 + 20*b - 45. Determine a(4).
3
Let x(g) = 3*g**2 - 296*g - 19595. What is x(144)?
-11
Let z(n) = 513*n - 219045. What is z(427)?
6
Let j(t) = 158*t + 1255. Give j(-8).
-9
Let t(h) = -6*h**2 + 219*h - 84. Give t(36).
24
Let g(b) = -b**3 + 11*b**2 + 12*b - 12. What is g(10)?
208
Let p(w) = -34*w - 3620. Give p(-110).
120
Let g(s) = 2*s**2 - 82*s + 85. Calculate g(6).
-335
Let f(o) = 2*o**2 - 86*o - 98. Determine f(45).
82
Let z(p) = -4*p**3 + 7*p**2 + 4*p + 4. Determine z(-1).
11
Let g(l) = 1728*l + 41472. Determine g(-24).
0
Let s(i) = -355*i - 357. What is s(-1)?
-2
Let a(v) = 79*v + 6998. What is a(-88)?
46
Let k(b) = -b**2 + 59*b + 3036. Determine k(92).
0
Let f(n) = n**3 + 11*n**2 + 37*n + 215. Calculate f(-10).
-55
Let y(t) = -2*t**3 - 17*t**2 - 67*t - 514. Give y(-8).
-42
Let v(m) = 3*m**3 - 43*m**2 - 22*m - 107. What is v(15)?
13
Let f(w) = w**3 + 56*w**2 - 676*w + 169. Determine f(10).
9
Let l(g) = -g**3 + 2*g**2 + 46*g - 190. Determine l(5).
-35
Let d(a) = -a**2 - 17*a - 22. Give d(-7).
48
Let y(m) = -m - 46. Give y(-22).
-24
Let a(g